). What is the highest common divisor of y and q?
8
Let k(t) = 8*t**2 + 4*t**3 + 0*t**3 - 3*t**3 + 5 - 9*t. Let c be k(-7). What is the greatest common factor of 13 and c?
13
Let r(a) = -2*a - 9. Suppose 5*k + 3 + 6 = d, 5*d - 2*k + 24 = 0. Let p be r(d). Calculate the greatest common factor of 6 and p.
3
Suppose -369 = -k - 8*k. Calculate the greatest common divisor of k and 287.
41
Let z be 0 + 1 + 8 - -1. What is the highest common factor of z and 100?
10
Let d(c) = -c**2 + 7*c. Let z be d(7). Let n be 2*(2 + z) - 1. Suppose -21 - 15 = -n*i. Calculate the greatest common divisor of i and 30.
6
Let o be (-2)/(6/21)*1. Let q be (1 - (o + 0)) + 0. Calculate the highest common divisor of q and 72.
8
Let l = -2 - -4. Suppose 0 = 4*b + 3*a - a - 40, -l*b + 20 = -5*a. What is the highest common factor of 30 and b?
10
Let m(w) = -2*w**2 + w. Let y be m(1). Let q be 1/y - (-98 - -1). Suppose -90 + 30 = -5*t. Calculate the greatest common divisor of t and q.
12
Let m = -8 + 16. Calculate the highest common divisor of m and 1.
1
Let h(f) = -f**2 + 8*f - 6. Let s be h(6). Let z be (-4)/s - 42/(-9). Let y be ((-1)/(-3))/(z/36). Calculate the greatest common factor of y and 15.
3
Let p(w) = 15*w + 5. Let a be p(5). Let n be 6 - 1 - 3 - 30. Let o be (-8)/n - 444/(-14). Calculate the highest common factor of a and o.
16
Let z be ((-6)/(-8))/((-1)/4). Let m be z/((3/(-7))/3). Let a be 135/(-225) + (0 - 1056/(-10)). Calculate the highest common factor of a and m.
21
Let q be 5/(26/8 + -3). Let u = 2 - 0. What is the greatest common factor of u and q?
2
Suppose -24 = -x + 17. What is the greatest common factor of x and 41?
41
Suppose 0 = 5*o - 4*n - 116 - 209, -2*n + 10 = 0. Let m = o + -120. Let w be 6/(-21) - m/7. Calculate the highest common factor of w and 77.
7
Suppose g = 3*x - 17, 2*x - 46 = -0*g + 2*g. Let s = g - -40. What is the greatest common divisor of s and 7?
7
Let i(l) = -l**2 - 33*l + 72. Let p be i(-35). Suppose 0*x + 2*x - 16 = 0. What is the highest common divisor of p and x?
2
Let x be (-1077)/(-12) + 1/4. What is the highest common factor of x and 10?
10
Let p be (10 + (0 - -2))*2. Let n = -59 + 84. Suppose 2*t + 2*x = 16, -x - 4*x = -n. What is the highest common factor of t and p?
3
Let n(q) = q**3 + 9*q**2 - 2*q + 30. Let x be n(-9). Calculate the greatest common divisor of x and 72.
24
Let g = 26 - 18. Suppose -8*j = -17 - 239. What is the greatest common divisor of g and j?
8
Suppose 955 = 5*g + 35. Suppose 0*m = 2*m - 46. What is the greatest common divisor of m and g?
23
Suppose 8 = 3*w - 10. Suppose -8 = -j - j. Suppose 28 = 4*z + 4*d, w*z - 2*d = 3*z - j. Calculate the greatest common divisor of 1 and z.
1
Let w be (2/4)/(2/(-8)). Let h be -2 - w - (-8 - 1). Calculate the highest common factor of h and 6.
3
Let c = -5 + 10. Suppose 0*f + 10 = -c*f. Let t be (-2)/(-8)*f*-18. What is the highest common factor of 72 and t?
9
Suppose -3*s + 0*s + 33 = 0. Suppose 3*q + t = -0*t + 293, 2*q - 5*t - 218 = 0. Let x be (1/(-3))/((-1)/q). What is the greatest common factor of s and x?
11
Let l(o) = 5*o**2 + 6*o + 13. Let u be l(4). Calculate the greatest common divisor of u and 13.
13
Let a(i) = 42*i. Let f(q) = -q. Let y(j) = -a(j) - 3*f(j). Let s = -2 - -1. Let p be y(s). Calculate the greatest common divisor of p and 26.
13
Suppose 5*d = 8*d + 30. Let k be (-2820)/(-22) - d/(-55). What is the greatest common divisor of k and 16?
16
Suppose -2*z + 4*x - 12 = 0, -x - 42 = -3*z + 7*z. Let t be 1/(-2 - z/4). Let p(y) = -y + 7. Let f be p(5). What is the highest common divisor of f and t?
2
Let i = 176 + 48. Suppose -i = -4*g - 2*k, 2*g - 3*g + 2*k + 56 = 0. Suppose -3*d = -21 - 0. Calculate the highest common divisor of d and g.
7
Let j = 2 - -13. Calculate the greatest common factor of 135 and j.
15
Let o be (-81)/36*16/(-3). What is the greatest common factor of o and 48?
12
Let s(k) be the first derivative of k**2/2 - k - 3. Let j be s(4). Suppose -m - j*u + 13 = -17, 4*m + u = 65. What is the highest common divisor of 75 and m?
15
Suppose 1 = h - 1. Suppose -h*b = -121 - 99. Suppose 38 + 12 = 5*d. What is the highest common divisor of b and d?
10
Let m be 24/36 - (-44)/6. Let i be 2/5 - 8/(-5). Suppose -5*q + i*k + 3*k + 40 = 0, 4*k - 16 = 0. What is the greatest common divisor of q and m?
4
Let n = 104 + -84. Let y(b) = 1 - 1 + 11*b**3 - b. Let i be y(1). What is the greatest common factor of n and i?
10
Let t = -14 - -17. Calculate the greatest common divisor of t and 12.
3
Suppose 0*j + 4*j - 60 = 0. Let p = j - 11. What is the greatest common divisor of p and 6?
2
Let s(o) = -o**3 + 8*o**2 - 4*o - 15. Let n be s(6). Calculate the highest common factor of n and 3.
3
Let c = 79 - -1. Let w = 246 - 236. Calculate the highest common divisor of c and w.
10
Let t = 9 + 21. What is the greatest common divisor of t and 60?
30
Let d be ((-33)/(-9))/((-1)/(-3)). Let b(l) = 9*l**2 - 4. Let t be b(3). What is the greatest common factor of d and t?
11
Suppose 12 = -3*q + 2*q. Let i = 18 - q. Let t(b) = b**2 + 5*b + 4. Let l be t(-6). What is the highest common factor of i and l?
10
Let u = -15 - -28. Let s = u + -7. Calculate the greatest common divisor of s and 30.
6
Let s(v) = v**3 - 5*v**2 - 8. Let l be s(8). Suppose 0 = -c + 2*c - l. Calculate the greatest common factor of 23 and c.
23
Let d be ((-408)/(-48))/((-2)/(-4)). What is the greatest common divisor of 136 and d?
17
Let o be (0 + -2)/(8/(-328)). Suppose 5*v = -5*s + 210, 2*v + 0*v + 3*s = o. Calculate the greatest common factor of 110 and v.
22
Let i be 4/(-10) - (-2524)/10. Suppose -14 - 2 = -2*p. Let r be 4/3*i/p. What is the highest common divisor of r and 63?
21
Let r = 93 + -73. Suppose 0 = 2*n - 60 - 0. What is the greatest common factor of r and n?
10
Suppose 140 = -14*i + 19*i. What is the greatest common divisor of i and 70?
14
Let c = -19 + 167. Suppose -2*g + c + 14 = 0. Calculate the highest common divisor of 9 and g.
9
Let h(a) = -a**2 - 8*a - 7. Let o = -11 - -5. Let q be h(o). Let s = q + -1. What is the greatest common factor of 16 and s?
4
Let t(w) = 9*w**2 + 5*w - 3. Let a be t(-4). Let g be (-32)/(-3) + 2/6. Calculate the greatest common factor of g and a.
11
Suppose 0 = -5*j + 3*z + 22, 2*j - 2*z = 4*j + 4. Suppose 10 = x + j. Calculate the greatest common factor of x and 88.
8
Suppose 316 = 3*z + 2*j, 3*z - 4*j - 127 = 177. Calculate the highest common factor of 13 and z.
13
Suppose 2*j = -j + 9. Suppose 7*y + j*x = 4*y + 9, x = 5*y - 39. Calculate the highest common factor of y and 1.
1
Suppose -2*f - 32 = -212. What is the highest common factor of 18 and f?
18
Let j(s) = -4*s - 22. Let v be j(-9). Let o(r) = -8*r. Let b be o(-7). What is the highest common factor of b and v?
14
Let s be 7/((-378)/(-12)) - (-176)/18. Let q be 2/(-2) + 9*1. Let d be (-4)/(q/(-25))*4. What is the greatest common divisor of d and s?
10
Let n be ((-1)/2)/(3/60). Let c(q) = -q - 8. Let m be c(n). Suppose -z - z + 2*s + 14 = 0, 0 = -2*z - m*s - 6. Calculate the highest common divisor of 16 and z.
2
Let b be ((-3)/(-9))/(2/(-6)). Let m be b + 3 + 0/(-1). Let u(i) = 2*i**2 + 3*i + 2. Let r be u(-4). Calculate the highest common factor of r and m.
2
Suppose 63 = 5*m - 52. Suppose -4*w + 182 = -3*w + r, 0 = 5*w + 3*r - 914. Calculate the greatest common divisor of m and w.
23
Let k(x) = x**3 + 12*x**2 - 11*x - 6. Let a be k(-9). Suppose 61 = -5*v + a. Calculate the greatest common divisor of v and 11.
11
Suppose 2*l + 82 = 3*x, 0 = 4*x + l + l - 128. Let a be (0 + 0 - 3)*-25. What is the highest common factor of a and x?
15
Let j be (3/4)/(3/396). Let c = j - 49. Suppose 0 = 4*q + 5*f - 55, -2*q = -7*q - 3*f + 59. What is the greatest common factor of c and q?
10
Let s be 1*-3*6/(-18). Calculate the greatest common divisor of s and 9.
1
Let k be (-4)/(-18) - (-86)/18. Suppose 4*z - 34 = -k*m, -2*z - 2*m + 16 = -0*m. Suppose 3*d = 22 - 4. Calculate the highest common factor of d and z.
6
Let b = 4 - 1. Let p(a) = 4*a + 2 + a**2 - 2 - 3. Let z be p(2). Calculate the highest common divisor of z and b.
3
Let x = -46 - -78. Suppose 128 = 4*t - r, x = -3*t + 4*t + 4*r. Calculate the highest common factor of t and 4.
4
Suppose -6*j = -8*j. Let q be 18 - (4 + (j - 3)). What is the greatest c